{"id":138,"date":"2020-10-08T09:59:47","date_gmt":"2020-10-08T12:59:47","guid":{"rendered":"https:\/\/bmclocadora.com.br\/bmc\/?page_id=138"},"modified":"2020-10-16T09:24:08","modified_gmt":"2020-10-16T12:24:08","slug":"politrizes-de-piso","status":"publish","type":"page","link":"https:\/\/bmclocadora.com.br\/bmc\/produtos\/politrizes-de-piso\/","title":{"rendered":"Politrizes de piso de baixa rota\u00e7\u00e3o"},"content":{"rendered":"\n<section class=\"wp-block-uagb-section uagb-section__wrap uagb-section__background-undefined uagb-block-695d3550\"><div class=\"uagb-section__overlay\"><\/div><div class=\"uagb-section__inner-wrap\">\n<h2>Politriz Betomaq P1E<\/h2>\n\n\n\n<section class=\"wp-block-uagb-columns uagb-columns__wrap uagb-columns__background-undefined uagb-columns__stack-mobile uagb-columns__valign-undefined uagb-columns__gap-10 alignundefined uagb-block-0da9e91d\"><div class=\"uagb-columns__overlay\"><\/div><div class=\"uagb-columns__inner-wrap uagb-columns__columns-2\">\n<div class=\"wp-block-uagb-column uagb-column__wrap uagb-column__background-undefined uagb-block-e9026b72\"><div class=\"uagb-column__overlay\"><\/div><div class=\"uagb-column__inner-wrap\">\n<figure class=\"wp-block-image size-large\"><img loading=\"lazy\" width=\"350\" height=\"400\" src=\"https:\/\/bmclocadora.com.br\/bmc\/wp-content\/uploads\/2020\/10\/p1-350x400-1.jpg\" alt=\"Politrizes de piso\" class=\"wp-image-69\" srcset=\"https:\/\/bmclocadora.com.br\/bmc\/wp-content\/uploads\/2020\/10\/p1-350x400-1.jpg 350w, https:\/\/bmclocadora.com.br\/bmc\/wp-content\/uploads\/2020\/10\/p1-350x400-1-263x300.jpg 263w\" sizes=\"(max-width: 350px) 100vw, 350px\" \/><\/figure>\n<\/div><\/div>\n\n\n\n<div class=\"wp-block-uagb-column uagb-column__wrap uagb-column__background-undefined uagb-block-ae17ec74\"><div class=\"uagb-column__overlay\"><\/div><div class=\"uagb-column__inner-wrap\">\n<p>   <strong>Politriz P1 Betomaq<\/strong> com 1 Disco multiuso.<br>Destinada a polimento, tratamento, remo\u00e7\u00e3o, escarifica\u00e7\u00e3o e limpeza de pisos industriais, superf\u00edcies danificadas de concreto, pinturas, colas etc<\/p>\n<\/div><\/div>\n<\/div><\/section>\n\n\n\n<figure class=\"wp-block-table is-style-stripes\"><table><tbody><tr><td><strong>Di\u00e2metro do disco<\/strong><\/td><td>275 mm<\/td><\/tr><tr><td><strong>Ferramentas por disco<\/strong><\/td><td>3<\/td><\/tr><tr><td><strong>Rota\u00e7\u00e3o<\/strong><\/td><td>600 rpm<\/td><\/tr><tr><td><strong>Acionamento<\/strong><\/td><td>Trif\u00e1sico 220\/380\/440v , 60hz , 2CV<br>Monof\u00e1sico 220\/440v , 60hz , 2CV<\/td><\/tr><tr><td><strong>Sa\u00edda para aspirador<\/strong><\/td><td>2&#8243; (50mm)<\/td><\/tr><tr><td><strong>Dimens\u00f5es (C x L x H)<\/strong><\/td><td>1200 x 600 x 900 mm<\/td><\/tr><tr><td><strong>Peso<\/strong><\/td><td>Monof\u00e1sico 90 kg<br>Trif\u00e1sico 75 kg<\/td><\/tr><\/tbody><\/table><\/figure>\n<\/div><\/section>\n\n\n\n<hr class=\"wp-block-separator has-text-color has-background has-black-background-color has-black-color is-style-wide\"\/>\n\n\n\n<section class=\"wp-block-uagb-section uagb-section__wrap uagb-section__background-undefined uagb-block-a0d19cac\"><div class=\"uagb-section__overlay\"><\/div><div class=\"uagb-section__inner-wrap\">\n<h2>Politriz Betomaq P2E<\/h2>\n\n\n\n<section class=\"wp-block-uagb-columns uagb-columns__wrap uagb-columns__background-undefined uagb-columns__stack-mobile uagb-columns__valign-undefined uagb-columns__gap-10 alignundefined uagb-block-9b9382c3\"><div class=\"uagb-columns__overlay\"><\/div><div class=\"uagb-columns__inner-wrap uagb-columns__columns-2\">\n<div class=\"wp-block-uagb-column uagb-column__wrap uagb-column__background-undefined uagb-block-17e39b95\"><div class=\"uagb-column__overlay\"><\/div><div class=\"uagb-column__inner-wrap\">\n<figure class=\"wp-block-image size-large\"><img loading=\"lazy\" width=\"350\" height=\"400\" src=\"https:\/\/bmclocadora.com.br\/bmc\/wp-content\/uploads\/2020\/10\/p2-350x400-1.jpg\" alt=\"Politriz de piso Betomaq P2E\" class=\"wp-image-246\" srcset=\"https:\/\/bmclocadora.com.br\/bmc\/wp-content\/uploads\/2020\/10\/p2-350x400-1.jpg 350w, https:\/\/bmclocadora.com.br\/bmc\/wp-content\/uploads\/2020\/10\/p2-350x400-1-263x300.jpg 263w\" sizes=\"(max-width: 350px) 100vw, 350px\" \/><\/figure>\n<\/div><\/div>\n\n\n\n<div class=\"wp-block-uagb-column uagb-column__wrap uagb-column__background-undefined uagb-block-b63b1e31\"><div class=\"uagb-column__overlay\"><\/div><div class=\"uagb-column__inner-wrap\">\n<p>   <strong>Politriz P2 Betomaq<\/strong> com 2 Disco multiuso.<br>Destinada a polimento, tratamento, remo\u00e7\u00e3o, escarifica\u00e7\u00e3o e limpeza de pisos industriais, superf\u00edcies danificadas de concreto, pinturas, colas etc<\/p>\n<\/div><\/div>\n<\/div><\/section>\n\n\n\n<figure class=\"wp-block-table is-style-stripes\"><table><tbody><tr><td><strong>Di\u00e2metro do disco<\/strong><\/td><td>275 mm<\/td><\/tr><tr><td><strong>Ferramentas por disco<\/strong><\/td><td>3<\/td><\/tr><tr><td><strong>Rota\u00e7\u00e3o<\/strong><\/td><td>450 rpm<\/td><\/tr><tr><td><strong>Acionamento<\/strong><\/td><td>Trif\u00e1sico 220\/380\/440v , 60hz , 4CV<br>Monof\u00e1sico 220\/440v , 60hz , 4CV<\/td><\/tr><tr><td><strong>Sa\u00edda para aspirador<\/strong><\/td><td>2&#8243; (50mm)<\/td><\/tr><tr><td><strong>Dimens\u00f5es (C x L x H)<\/strong><\/td><td>1200 x 650 x 1100 mm<\/td><\/tr><tr><td><strong>Peso<\/strong><\/td><td>Monof\u00e1sico 140 kg<br>Trif\u00e1sico 130 kg<\/td><\/tr><\/tbody><\/table><\/figure>\n<\/div><\/section>\n\n\n\n<hr class=\"wp-block-separator has-text-color has-background has-black-background-color has-black-color is-style-wide\"\/>\n","protected":false},"excerpt":{"rendered":"","protected":false},"author":1,"featured_media":0,"parent":37,"menu_order":0,"comment_status":"closed","ping_status":"closed","template":"","meta":[],"uagb_featured_image_src":{"full":false,"thumbnail":false,"medium":false,"medium_large":false,"large":false,"1536x1536":false,"2048x2048":false},"uagb_author_info":{"display_name":"webdesigner","author_link":"https:\/\/bmclocadora.com.br\/bmc\/author\/webdesigner\/"},"uagb_comment_info":0,"uagb_excerpt":null,"_links":{"self":[{"href":"https:\/\/bmclocadora.com.br\/bmc\/wp-json\/wp\/v2\/pages\/138"}],"collection":[{"href":"https:\/\/bmclocadora.com.br\/bmc\/wp-json\/wp\/v2\/pages"}],"about":[{"href":"https:\/\/bmclocadora.com.br\/bmc\/wp-json\/wp\/v2\/types\/page"}],"author":[{"embeddable":true,"href":"https:\/\/bmclocadora.com.br\/bmc\/wp-json\/wp\/v2\/users\/1"}],"replies":[{"embeddable":true,"href":"https:\/\/bmclocadora.com.br\/bmc\/wp-json\/wp\/v2\/comments?post=138"}],"version-history":[{"count":9,"href":"https:\/\/bmclocadora.com.br\/bmc\/wp-json\/wp\/v2\/pages\/138\/revisions"}],"predecessor-version":[{"id":250,"href":"https:\/\/bmclocadora.com.br\/bmc\/wp-json\/wp\/v2\/pages\/138\/revisions\/250"}],"up":[{"embeddable":true,"href":"https:\/\/bmclocadora.com.br\/bmc\/wp-json\/wp\/v2\/pages\/37"}],"wp:attachment":[{"href":"https:\/\/bmclocadora.com.br\/bmc\/wp-json\/wp\/v2\/media?parent=138"}],"curies":[{"name":"wp","href":"https:\/\/api.w.org\/{rel}","templated":true}]}}