{"id":146,"date":"2020-10-08T10:56:20","date_gmt":"2020-10-08T13:56:20","guid":{"rendered":"https:\/\/bmclocadora.com.br\/bmc\/?page_id=146"},"modified":"2020-10-16T10:15:56","modified_gmt":"2020-10-16T13:15:56","slug":"misturadores-de-argamassa","status":"publish","type":"page","link":"https:\/\/bmclocadora.com.br\/bmc\/produtos\/misturadores-de-argamassa\/","title":{"rendered":"Misturadores de argamassa horizontais"},"content":{"rendered":"\n<section class=\"wp-block-uagb-section uagb-section__wrap uagb-section__background-undefined uagb-block-75a16d61\"><div class=\"uagb-section__overlay\"><\/div><div class=\"uagb-section__inner-wrap\">\n<h2>Misturadores horizontais Betomaq linha M<\/h2>\n\n\n\n<section class=\"wp-block-uagb-columns uagb-columns__wrap uagb-columns__background-undefined uagb-columns__stack-mobile uagb-columns__valign-undefined uagb-columns__gap-10 alignundefined uagb-block-045ee764\"><div class=\"uagb-columns__overlay\"><\/div><div class=\"uagb-columns__inner-wrap uagb-columns__columns-2\">\n<div class=\"wp-block-uagb-column uagb-column__wrap uagb-column__background-undefined uagb-block-d69275a4\"><div class=\"uagb-column__overlay\"><\/div><div class=\"uagb-column__inner-wrap\">\n<figure class=\"wp-block-image size-large\"><img loading=\"lazy\" width=\"350\" height=\"400\" src=\"https:\/\/bmclocadora.com.br\/bmc\/wp-content\/uploads\/2020\/10\/m80-350x400-1.jpg\" alt=\"Misturadores de argamassa\" class=\"wp-image-68\" srcset=\"https:\/\/bmclocadora.com.br\/bmc\/wp-content\/uploads\/2020\/10\/m80-350x400-1.jpg 350w, https:\/\/bmclocadora.com.br\/bmc\/wp-content\/uploads\/2020\/10\/m80-350x400-1-263x300.jpg 263w\" sizes=\"(max-width: 350px) 100vw, 350px\" \/><\/figure>\n<\/div><\/div>\n\n\n\n<div class=\"wp-block-uagb-column uagb-column__wrap uagb-column__background-undefined uagb-block-c1ae8423\"><div class=\"uagb-column__overlay\"><\/div><div class=\"uagb-column__inner-wrap\">\n<p>   <strong>Linha de misturadores M<\/strong> especialmente indicado para dosagem e mistura de argamassas secas. Eixo horizontal com p\u00e1s dotadas de raspadores montadas no formato de serpentina. (Outras configura\u00e7\u00f5es sob consulta).<\/p>\n\n\n\n<p>Abastecimento via grelha superior e tampa inferior para descarga.<\/p>\n<\/div><\/div>\n<\/div><\/section>\n\n\n\n<figure class=\"wp-block-table is-style-stripes\"><table><tbody><tr><td>Modelo<\/td><td class=\"has-text-align-center\" data-align=\"center\">M50<\/td><td class=\"has-text-align-center\" data-align=\"center\">M80<\/td><td class=\"has-text-align-center\" data-align=\"center\">M110<\/td><\/tr><tr><td>Material ideal<\/td><td class=\"has-text-align-center\" data-align=\"center\">Pastoso<\/td><td class=\"has-text-align-center\" data-align=\"center\">Pastoso<\/td><td class=\"has-text-align-center\" data-align=\"center\">Pastoso<\/td><\/tr><tr><td>Capacidade da ca\u00e7amba<\/td><td class=\"has-text-align-center\" data-align=\"center\">80L<\/td><td class=\"has-text-align-center\" data-align=\"center\">110L<\/td><td class=\"has-text-align-center\" data-align=\"center\">160L<\/td><\/tr><tr><td>Capacidade \u00fatil<\/td><td class=\"has-text-align-center\" data-align=\"center\">50L<\/td><td class=\"has-text-align-center\" data-align=\"center\">80L<\/td><td class=\"has-text-align-center\" data-align=\"center\">110L<\/td><\/tr><tr><td>Acionamento trif\u00e1sico<\/td><td class=\"has-text-align-center\" data-align=\"center\">1,1 KW (1,5CV)<br>220\/380 v<\/td><td class=\"has-text-align-center\" data-align=\"center\">1,5 KW (2CV)<br>220\/380 v<\/td><td class=\"has-text-align-center\" data-align=\"center\">2,2 KW (3CV)<br>220\/380 v<\/td><\/tr><tr><td>Dimens\u00f5es (C x L x H) em mm<\/td><td class=\"has-text-align-center\" data-align=\"center\">1100x700x1200<\/td><td class=\"has-text-align-center\" data-align=\"center\">1150x700x1300<\/td><td class=\"has-text-align-center\" data-align=\"center\">1450x700x1300<\/td><\/tr><tr><td>Peso<\/td><td class=\"has-text-align-center\" data-align=\"center\">110 kg<\/td><td class=\"has-text-align-center\" data-align=\"center\">140 kg<\/td><td class=\"has-text-align-center\" data-align=\"center\">160 kg<\/td><\/tr><\/tbody><\/table><\/figure>\n<\/div><\/section>\n","protected":false},"excerpt":{"rendered":"","protected":false},"author":1,"featured_media":0,"parent":37,"menu_order":0,"comment_status":"closed","ping_status":"closed","template":"","meta":[],"uagb_featured_image_src":{"full":false,"thumbnail":false,"medium":false,"medium_large":false,"large":false,"1536x1536":false,"2048x2048":false},"uagb_author_info":{"display_name":"webdesigner","author_link":"https:\/\/bmclocadora.com.br\/bmc\/author\/webdesigner\/"},"uagb_comment_info":0,"uagb_excerpt":null,"_links":{"self":[{"href":"https:\/\/bmclocadora.com.br\/bmc\/wp-json\/wp\/v2\/pages\/146"}],"collection":[{"href":"https:\/\/bmclocadora.com.br\/bmc\/wp-json\/wp\/v2\/pages"}],"about":[{"href":"https:\/\/bmclocadora.com.br\/bmc\/wp-json\/wp\/v2\/types\/page"}],"author":[{"embeddable":true,"href":"https:\/\/bmclocadora.com.br\/bmc\/wp-json\/wp\/v2\/users\/1"}],"replies":[{"embeddable":true,"href":"https:\/\/bmclocadora.com.br\/bmc\/wp-json\/wp\/v2\/comments?post=146"}],"version-history":[{"count":5,"href":"https:\/\/bmclocadora.com.br\/bmc\/wp-json\/wp\/v2\/pages\/146\/revisions"}],"predecessor-version":[{"id":271,"href":"https:\/\/bmclocadora.com.br\/bmc\/wp-json\/wp\/v2\/pages\/146\/revisions\/271"}],"up":[{"embeddable":true,"href":"https:\/\/bmclocadora.com.br\/bmc\/wp-json\/wp\/v2\/pages\/37"}],"wp:attachment":[{"href":"https:\/\/bmclocadora.com.br\/bmc\/wp-json\/wp\/v2\/media?parent=146"}],"curies":[{"name":"wp","href":"https:\/\/api.w.org\/{rel}","templated":true}]}}