{"id":152,"date":"2020-10-08T16:20:43","date_gmt":"2020-10-08T19:20:43","guid":{"rendered":"https:\/\/bmclocadora.com.br\/bmc\/?page_id=152"},"modified":"2020-10-15T14:15:17","modified_gmt":"2020-10-15T17:15:17","slug":"bombas-injecao-argamassa","status":"publish","type":"page","link":"https:\/\/bmclocadora.com.br\/bmc\/produtos\/bombas-injecao-argamassa\/","title":{"rendered":"Bombas de inje\u00e7\u00e3o de argamassa"},"content":{"rendered":"\n<section class=\"wp-block-uagb-section uagb-section__wrap uagb-section__background-undefined uagb-block-4315c970\"><div class=\"uagb-section__overlay\"><\/div><div class=\"uagb-section__inner-wrap\">\n<h2>Bomba de inje\u00e7\u00e3o de argamassa Betomaq B25<\/h2>\n\n\n\n<section class=\"wp-block-uagb-columns uagb-columns__wrap uagb-columns__background-undefined uagb-columns__stack-mobile uagb-columns__valign-undefined uagb-columns__gap-10 alignundefined uagb-block-ccc06468\"><div class=\"uagb-columns__overlay\"><\/div><div class=\"uagb-columns__inner-wrap uagb-columns__columns-2\">\n<div class=\"wp-block-uagb-column uagb-column__wrap uagb-column__background-undefined uagb-block-39cd2cbb\"><div class=\"uagb-column__overlay\"><\/div><div class=\"uagb-column__inner-wrap\">\n<figure class=\"wp-block-image size-large\"><img loading=\"lazy\" width=\"350\" height=\"400\" src=\"https:\/\/bmclocadora.com.br\/bmc\/wp-content\/uploads\/2020\/10\/b25-350x400-1.jpg\" alt=\"Bombas de argamassa\" class=\"wp-image-62\" srcset=\"https:\/\/bmclocadora.com.br\/bmc\/wp-content\/uploads\/2020\/10\/b25-350x400-1.jpg 350w, https:\/\/bmclocadora.com.br\/bmc\/wp-content\/uploads\/2020\/10\/b25-350x400-1-263x300.jpg 263w\" sizes=\"(max-width: 350px) 100vw, 350px\" \/><figcaption>Bombas para proje\u00e7\u00e3o e inje\u00e7\u00e3o de argamassa<\/figcaption><\/figure>\n<\/div><\/div>\n\n\n\n<div class=\"wp-block-uagb-column uagb-column__wrap uagb-column__background-undefined uagb-block-b70de29c\"><div class=\"uagb-column__overlay\"><\/div><div class=\"uagb-column__inner-wrap\">\n<p>   <strong>Bomba de inje\u00e7\u00e3o de argamassa Betomaq B25<\/strong>, destinada ao bombeio de natas, solocimento, argamassas flu\u00eddas, argamassa pastosas e concreto celular. Rodagem pneum\u00e1tica para locomo\u00e7\u00e3o no canteiro de obras.<\/p>\n<\/div><\/div>\n<\/div><\/section>\n\n\n\n<figure class=\"wp-block-table is-style-stripes\"><table><tbody><tr><td>Capacidade da ca\u00e7amba<\/td><td>125 L<\/td><\/tr><tr><td>Unidade bomba<\/td><td>1L6<\/td><\/tr><tr><td>Acionamento<\/td><td>Redutor<br>Motor 2,2 KW\/3CV<br>Trif\u00e1sico 220\/380v<\/td><\/tr><tr><td>Capacidade te\u00f3rica<\/td><td>25 l\/min<\/td><\/tr><tr><td>Press\u00e3o nominal de trabalho<\/td><td>At\u00e9 15 bar<\/td><\/tr><tr><td>Alcance m\u00e1ximo vertical*<\/td><td>30 m<\/td><\/tr><tr><td>Flange de sa\u00edda<\/td><td>\u00d8 1 \u00bd<\/td><\/tr><tr><td>Granulometria m\u00e1xima<\/td><td>6 mm<\/td><\/tr><tr><td>Dimens\u00f5es<\/td><td>A=535 L=580 C=1750<\/td><\/tr><tr><td>Peso<\/td><td>200 kg<\/td><\/tr><tr><td>Compressor incorporado<\/td><td>N\u00e3o<\/td><\/tr><\/tbody><\/table><figcaption>* Depende do material<\/figcaption><\/figure>\n\n\n\n<p><\/p>\n<\/div><\/section>\n\n\n\n<hr class=\"wp-block-separator has-text-color has-background has-black-background-color has-black-color is-style-wide\"\/>\n\n\n\n<section class=\"wp-block-uagb-section uagb-section__wrap uagb-section__background-undefined uagb-block-e46906ef\"><div class=\"uagb-section__overlay\"><\/div><div class=\"uagb-section__inner-wrap\">\n<h2>Bomba de inje\u00e7\u00e3o de argamassa Betomaq B40<\/h2>\n\n\n\n<section class=\"wp-block-uagb-columns uagb-columns__wrap uagb-columns__background-undefined uagb-columns__stack-mobile uagb-columns__valign-undefined uagb-columns__gap-10 alignundefined uagb-block-d3709e27\"><div class=\"uagb-columns__overlay\"><\/div><div class=\"uagb-columns__inner-wrap uagb-columns__columns-2\">\n<div class=\"wp-block-uagb-column uagb-column__wrap uagb-column__background-undefined uagb-block-2e29ac05\"><div class=\"uagb-column__overlay\"><\/div><div class=\"uagb-column__inner-wrap\">\n<figure class=\"wp-block-image size-large\"><img loading=\"lazy\" width=\"350\" height=\"400\" src=\"https:\/\/bmclocadora.com.br\/bmc\/wp-content\/uploads\/2020\/10\/b25-350x400-1.jpg\" alt=\"Bombas de argamassa\" class=\"wp-image-62\" srcset=\"https:\/\/bmclocadora.com.br\/bmc\/wp-content\/uploads\/2020\/10\/b25-350x400-1.jpg 350w, https:\/\/bmclocadora.com.br\/bmc\/wp-content\/uploads\/2020\/10\/b25-350x400-1-263x300.jpg 263w\" sizes=\"(max-width: 350px) 100vw, 350px\" \/><figcaption>Bombas para proje\u00e7\u00e3o e inje\u00e7\u00e3o de argamassa<\/figcaption><\/figure>\n<\/div><\/div>\n\n\n\n<div class=\"wp-block-uagb-column uagb-column__wrap uagb-column__background-undefined uagb-block-d4a1ea82\"><div class=\"uagb-column__overlay\"><\/div><div class=\"uagb-column__inner-wrap\">\n<p>   <strong>Bomba de inje\u00e7\u00e3o de argamassa Betomaq B45<\/strong>, destinada ao bombeio de natas, solocimento, argamassas flu\u00eddas, argamassa pastosas e concreto celular. Rodagem pneum\u00e1tica para locomo\u00e7\u00e3o no canteiro de obras.<\/p>\n<\/div><\/div>\n<\/div><\/section>\n\n\n\n<figure class=\"wp-block-table is-style-stripes\"><table><tbody><tr><td>Capacidade da ca\u00e7amba<\/td><td>125 L<\/td><\/tr><tr><td>Unidade bomba<\/td><td>1L6<\/td><\/tr><tr><td>Acionamento<\/td><td>Redutor<br>Motor 3,7 KW\/5CV<br>Trif\u00e1sico 220\/380v<\/td><\/tr><tr><td>Capacidade te\u00f3rica<\/td><td>40 l\/min<\/td><\/tr><tr><td>Press\u00e3o nominal de trabalho<\/td><td>At\u00e9 15 bar<\/td><\/tr><tr><td>Alcance m\u00e1ximo vertical*<\/td><td>30 m<\/td><\/tr><tr><td>Flange de sa\u00edda<\/td><td>\u00d8 1 \u00bd<\/td><\/tr><tr><td>Granulometria m\u00e1xima<\/td><td>6 mm<\/td><\/tr><tr><td>Dimens\u00f5es<\/td><td>A=535 L=580 C=1750<\/td><\/tr><tr><td>Peso<\/td><td>200 kg<\/td><\/tr><tr><td>Compressor incorporado<\/td><td>N\u00e3o<\/td><\/tr><\/tbody><\/table><figcaption>* Depende do material<\/figcaption><\/figure>\n\n\n\n<p><\/p>\n<\/div><\/section>\n\n\n\n<hr class=\"wp-block-separator has-text-color has-background has-black-background-color has-black-color is-style-wide\"\/>\n\n\n\n<section class=\"wp-block-uagb-section uagb-section__wrap uagb-section__background-undefined uagb-block-0d989fb2\"><div class=\"uagb-section__overlay\"><\/div><div class=\"uagb-section__inner-wrap\">\n<h2>Bomba de inje\u00e7\u00e3o de argamassa Betomaq B50 POWER<\/h2>\n\n\n\n<section class=\"wp-block-uagb-columns uagb-columns__wrap uagb-columns__background-undefined uagb-columns__stack-mobile uagb-columns__valign-undefined uagb-columns__gap-10 alignundefined uagb-block-49c5769e\"><div class=\"uagb-columns__overlay\"><\/div><div class=\"uagb-columns__inner-wrap uagb-columns__columns-2\">\n<div class=\"wp-block-uagb-column uagb-column__wrap uagb-column__background-undefined uagb-block-62ef634a\"><div class=\"uagb-column__overlay\"><\/div><div class=\"uagb-column__inner-wrap\">\n<figure class=\"wp-block-image size-large\"><img loading=\"lazy\" width=\"350\" height=\"400\" src=\"https:\/\/bmclocadora.com.br\/bmc\/wp-content\/uploads\/2020\/10\/b25-350x400-1.jpg\" alt=\"Bombas de argamassa\" class=\"wp-image-62\" srcset=\"https:\/\/bmclocadora.com.br\/bmc\/wp-content\/uploads\/2020\/10\/b25-350x400-1.jpg 350w, https:\/\/bmclocadora.com.br\/bmc\/wp-content\/uploads\/2020\/10\/b25-350x400-1-263x300.jpg 263w\" sizes=\"(max-width: 350px) 100vw, 350px\" \/><figcaption>Bombas para proje\u00e7\u00e3o e inje\u00e7\u00e3o de argamassa<\/figcaption><\/figure>\n<\/div><\/div>\n\n\n\n<div class=\"wp-block-uagb-column uagb-column__wrap uagb-column__background-undefined uagb-block-ff0055f6\"><div class=\"uagb-column__overlay\"><\/div><div class=\"uagb-column__inner-wrap\">\n<p>   <strong>Bomba de inje\u00e7\u00e3o de argamassa Betomaq B50<\/strong>, destinada ao bombeio de natas, solocimento, argamassas flu\u00eddas, argamassa pastosas e concreto celular. Rodagem pneum\u00e1tica para locomo\u00e7\u00e3o no canteiro de obras.<\/p>\n<\/div><\/div>\n<\/div><\/section>\n\n\n\n<figure class=\"wp-block-table is-style-stripes\"><table><tbody><tr><td>Capacidade da ca\u00e7amba<\/td><td>200 L<\/td><\/tr><tr><td>Unidade bomba<\/td><td>POWER FET<\/td><\/tr><tr><td>Acionamento<\/td><td>Redutor<br>Motor 7,5 KW\/10CV<br>Trif\u00e1sico 220\/380v<\/td><\/tr><tr><td>Capacidade te\u00f3rica<\/td><td>50 l\/min<\/td><\/tr><tr><td>Press\u00e3o nominal de trabalho<\/td><td>At\u00e9 50 bar<\/td><\/tr><tr><td>Alcance m\u00e1ximo vertical*<\/td><td>60 m<\/td><\/tr><tr><td>Flange de sa\u00edda<\/td><td>\u00d8 2&#8243;<\/td><\/tr><tr><td>Granulometria m\u00e1xima<\/td><td>6 mm<\/td><\/tr><tr><td>Dimens\u00f5es<\/td><td>A=765 L=760 C=1750<\/td><\/tr><tr><td>Peso<\/td><td>250 kg<\/td><\/tr><tr><td>Compressor incorporado<\/td><td>N\u00e3o<\/td><\/tr><\/tbody><\/table><figcaption>* Depende do material<\/figcaption><\/figure>\n\n\n\n<p><\/p>\n<\/div><\/section>\n\n\n\n<hr class=\"wp-block-separator has-text-color has-background has-black-background-color has-black-color is-style-wide\"\/>\n\n\n\n<section class=\"wp-block-uagb-section uagb-section__wrap uagb-section__background-undefined uagb-block-8f00999a\"><div class=\"uagb-section__overlay\"><\/div><div class=\"uagb-section__inner-wrap\">\n<h2>Bomba de inje\u00e7\u00e3o de argamassa Betomaq B60<\/h2>\n\n\n\n<section class=\"wp-block-uagb-columns uagb-columns__wrap uagb-columns__background-undefined uagb-columns__stack-mobile uagb-columns__valign-undefined uagb-columns__gap-10 alignundefined uagb-block-78c1c5a2\"><div class=\"uagb-columns__overlay\"><\/div><div class=\"uagb-columns__inner-wrap uagb-columns__columns-2\">\n<div class=\"wp-block-uagb-column uagb-column__wrap uagb-column__background-undefined uagb-block-43c3e5b3\"><div class=\"uagb-column__overlay\"><\/div><div class=\"uagb-column__inner-wrap\">\n<figure class=\"wp-block-image size-large\"><img loading=\"lazy\" width=\"350\" height=\"400\" src=\"https:\/\/bmclocadora.com.br\/bmc\/wp-content\/uploads\/2020\/10\/b25-350x400-1.jpg\" alt=\"Bombas de argamassa\" class=\"wp-image-62\" srcset=\"https:\/\/bmclocadora.com.br\/bmc\/wp-content\/uploads\/2020\/10\/b25-350x400-1.jpg 350w, https:\/\/bmclocadora.com.br\/bmc\/wp-content\/uploads\/2020\/10\/b25-350x400-1-263x300.jpg 263w\" sizes=\"(max-width: 350px) 100vw, 350px\" \/><figcaption>Bombas para proje\u00e7\u00e3o e inje\u00e7\u00e3o de argamassa<\/figcaption><\/figure>\n<\/div><\/div>\n\n\n\n<div class=\"wp-block-uagb-column uagb-column__wrap uagb-column__background-undefined uagb-block-cdb7016d\"><div class=\"uagb-column__overlay\"><\/div><div class=\"uagb-column__inner-wrap\">\n<p>   <strong>Bomba de inje\u00e7\u00e3o de argamassa Betomaq B60<\/strong>, destinada ao bombeio de natas, solocimento, argamassas flu\u00eddas, argamassa pastosas e concreto celular. Rodagem pneum\u00e1tica para locomo\u00e7\u00e3o no canteiro de obras.<\/p>\n<\/div><\/div>\n<\/div><\/section>\n\n\n\n<figure class=\"wp-block-table is-style-stripes\"><table><tbody><tr><td>Capacidade da ca\u00e7amba<\/td><td>200 L<\/td><\/tr><tr><td>Unidade bomba<\/td><td>1L6<\/td><\/tr><tr><td>Acionamento<\/td><td>Redutor<br>Motor 5,5 KW\/7,5CV<br>Trif\u00e1sico 220\/380v<\/td><\/tr><tr><td>Capacidade te\u00f3rica<\/td><td>60 l\/min<\/td><\/tr><tr><td>Press\u00e3o nominal de trabalho<\/td><td>At\u00e9 15 bar<\/td><\/tr><tr><td>Alcance m\u00e1ximo vertical*<\/td><td>30 m<\/td><\/tr><tr><td>Flange de sa\u00edda<\/td><td>\u00d8 1 \u00bd<\/td><\/tr><tr><td>Granulometria m\u00e1xima<\/td><td>6 mm<\/td><\/tr><tr><td>Dimens\u00f5es<\/td><td>A=765 L=760 C=1750<\/td><\/tr><tr><td>Peso<\/td><td>250 kg<\/td><\/tr><tr><td>Compressor incorporado<\/td><td>N\u00e3o<\/td><\/tr><\/tbody><\/table><figcaption>* Depende do material<\/figcaption><\/figure>\n\n\n\n<p><\/p>\n<\/div><\/section>\n\n\n\n<section class=\"wp-block-uagb-section uagb-section__wrap uagb-section__background-undefined uagb-block-dd7bbd0a\"><div class=\"uagb-section__overlay\"><\/div><div class=\"uagb-section__inner-wrap\">\n<h2>Bomba de inje\u00e7\u00e3o de argamassa Betomaq B60 HF<\/h2>\n\n\n\n<section class=\"wp-block-uagb-columns uagb-columns__wrap uagb-columns__background-undefined uagb-columns__stack-mobile uagb-columns__valign-undefined uagb-columns__gap-10 alignundefined uagb-block-14582e0a\"><div class=\"uagb-columns__overlay\"><\/div><div class=\"uagb-columns__inner-wrap uagb-columns__columns-2\">\n<div class=\"wp-block-uagb-column uagb-column__wrap uagb-column__background-undefined uagb-block-3056cc4e\"><div class=\"uagb-column__overlay\"><\/div><div class=\"uagb-column__inner-wrap\">\n<figure class=\"wp-block-image size-large\"><img loading=\"lazy\" width=\"350\" height=\"400\" src=\"https:\/\/bmclocadora.com.br\/bmc\/wp-content\/uploads\/2020\/10\/b25-350x400-1.jpg\" alt=\"Bombas de argamassa\" class=\"wp-image-62\" srcset=\"https:\/\/bmclocadora.com.br\/bmc\/wp-content\/uploads\/2020\/10\/b25-350x400-1.jpg 350w, https:\/\/bmclocadora.com.br\/bmc\/wp-content\/uploads\/2020\/10\/b25-350x400-1-263x300.jpg 263w\" sizes=\"(max-width: 350px) 100vw, 350px\" \/><figcaption>Bombas para proje\u00e7\u00e3o e inje\u00e7\u00e3o de argamassa<\/figcaption><\/figure>\n<\/div><\/div>\n\n\n\n<div class=\"wp-block-uagb-column uagb-column__wrap uagb-column__background-undefined uagb-block-b7555bad\"><div class=\"uagb-column__overlay\"><\/div><div class=\"uagb-column__inner-wrap\">\n<p>   <strong>Bomba de inje\u00e7\u00e3o de argamassa Betomaq B60 HF<\/strong>, destinada ao bombeio de natas, solocimento, argamassas flu\u00eddas, argamassa pastosas e concreto celular. Rodagem pneum\u00e1tica para locomo\u00e7\u00e3o no canteiro de obras.<\/p>\n<\/div><\/div>\n<\/div><\/section>\n\n\n\n<figure class=\"wp-block-table is-style-stripes\"><table><tbody><tr><td>Capacidade da ca\u00e7amba<\/td><td>200 L<\/td><\/tr><tr><td>Unidade bomba<\/td><td>2L6TP<\/td><\/tr><tr><td>Acionamento<\/td><td>Redutor<br>Motor 9,5 KW\/12,5CV<br>Trif\u00e1sico 220\/380v<\/td><\/tr><tr><td>Capacidade te\u00f3rica<\/td><td>140 l\/min<\/td><\/tr><tr><td>Press\u00e3o nominal de trabalho<\/td><td>At\u00e9 30 bar<\/td><\/tr><tr><td>Alcance m\u00e1ximo vertical*<\/td><td>60 m<\/td><\/tr><tr><td>Flange de sa\u00edda<\/td><td>\u00d8 2&#8243;<\/td><\/tr><tr><td>Granulometria m\u00e1xima<\/td><td>6 mm<\/td><\/tr><tr><td>Dimens\u00f5es<\/td><td>A=765 L=760 C=1750<\/td><\/tr><tr><td>Peso<\/td><td>250 kg<\/td><\/tr><tr><td>Compressor incorporado<\/td><td>N\u00e3o<\/td><\/tr><\/tbody><\/table><figcaption>* Depende do material<\/figcaption><\/figure>\n\n\n\n<p><\/p>\n<\/div><\/section>\n\n\n\n<hr class=\"wp-block-separator has-text-color has-background has-black-background-color has-black-color is-style-wide\"\/>\n\n\n\n<hr class=\"wp-block-separator has-text-color has-background has-black-background-color has-black-color is-style-wide\"\/>\n\n\n\n<p><\/p>\n","protected":false},"excerpt":{"rendered":"","protected":false},"author":1,"featured_media":0,"parent":37,"menu_order":0,"comment_status":"closed","ping_status":"closed","template":"","meta":[],"uagb_featured_image_src":{"full":false,"thumbnail":false,"medium":false,"medium_large":false,"large":false,"1536x1536":false,"2048x2048":false},"uagb_author_info":{"display_name":"webdesigner","author_link":"https:\/\/bmclocadora.com.br\/bmc\/author\/webdesigner\/"},"uagb_comment_info":0,"uagb_excerpt":null,"_links":{"self":[{"href":"https:\/\/bmclocadora.com.br\/bmc\/wp-json\/wp\/v2\/pages\/152"}],"collection":[{"href":"https:\/\/bmclocadora.com.br\/bmc\/wp-json\/wp\/v2\/pages"}],"about":[{"href":"https:\/\/bmclocadora.com.br\/bmc\/wp-json\/wp\/v2\/types\/page"}],"author":[{"embeddable":true,"href":"https:\/\/bmclocadora.com.br\/bmc\/wp-json\/wp\/v2\/users\/1"}],"replies":[{"embeddable":true,"href":"https:\/\/bmclocadora.com.br\/bmc\/wp-json\/wp\/v2\/comments?post=152"}],"version-history":[{"count":10,"href":"https:\/\/bmclocadora.com.br\/bmc\/wp-json\/wp\/v2\/pages\/152\/revisions"}],"predecessor-version":[{"id":220,"href":"https:\/\/bmclocadora.com.br\/bmc\/wp-json\/wp\/v2\/pages\/152\/revisions\/220"}],"up":[{"embeddable":true,"href":"https:\/\/bmclocadora.com.br\/bmc\/wp-json\/wp\/v2\/pages\/37"}],"wp:attachment":[{"href":"https:\/\/bmclocadora.com.br\/bmc\/wp-json\/wp\/v2\/media?parent=152"}],"curies":[{"name":"wp","href":"https:\/\/api.w.org\/{rel}","templated":true}]}}