{"id":237,"date":"2020-10-16T09:01:36","date_gmt":"2020-10-16T12:01:36","guid":{"rendered":"https:\/\/bmclocadora.com.br\/bmc\/?page_id=237"},"modified":"2020-10-16T09:10:26","modified_gmt":"2020-10-16T12:10:26","slug":"bombas-de-argamassa-b10","status":"publish","type":"page","link":"https:\/\/bmclocadora.com.br\/bmc\/produtos\/bombas-de-argamassa-b10\/","title":{"rendered":"Bombas de argamassa B10"},"content":{"rendered":"\n<section class=\"wp-block-uagb-section uagb-section__wrap uagb-section__background-undefined uagb-block-027f292b\"><div class=\"uagb-section__overlay\"><\/div><div class=\"uagb-section__inner-wrap\">\n<h2>Bomba de argamassa Betomaq B10<\/h2>\n\n\n\n<section class=\"wp-block-uagb-columns uagb-columns__wrap uagb-columns__background-undefined uagb-columns__stack-mobile uagb-columns__valign-undefined uagb-columns__gap-10 alignundefined uagb-block-2b6238e4\"><div class=\"uagb-columns__overlay\"><\/div><div class=\"uagb-columns__inner-wrap uagb-columns__columns-2\">\n<div class=\"wp-block-uagb-column uagb-column__wrap uagb-column__background-undefined uagb-block-7d753b9e\"><div class=\"uagb-column__overlay\"><\/div><div class=\"uagb-column__inner-wrap\">\n<figure class=\"wp-block-image size-large\"><img loading=\"lazy\" width=\"350\" height=\"400\" src=\"https:\/\/bmclocadora.com.br\/bmc\/wp-content\/uploads\/2020\/10\/b10-350x400-1.jpg\" alt=\"Bomba de argamassa B10\" class=\"wp-image-190\" srcset=\"https:\/\/bmclocadora.com.br\/bmc\/wp-content\/uploads\/2020\/10\/b10-350x400-1.jpg 350w, https:\/\/bmclocadora.com.br\/bmc\/wp-content\/uploads\/2020\/10\/b10-350x400-1-263x300.jpg 263w\" sizes=\"(max-width: 350px) 100vw, 350px\" \/><figcaption>Bomba para proje\u00e7\u00e3o, inje\u00e7\u00e3o e pintura<\/figcaption><\/figure>\n<\/div><\/div>\n\n\n\n<div class=\"wp-block-uagb-column uagb-column__wrap uagb-column__background-undefined uagb-block-5384349f\"><div class=\"uagb-column__overlay\"><\/div><div class=\"uagb-column__inner-wrap\">\n<p>   <strong>Bomba de argamassa Betomaq B10<\/strong> para inje\u00e7\u00e3o, proje\u00e7\u00e3o, pintura e texturiza\u00e7\u00e3o, para argamassas industrializadas a base de cimento, texturas, natas, pinturas a cal e latex (a base de \u00e1gua).<\/p>\n<\/div><\/div>\n<\/div><\/section>\n\n\n\n<figure class=\"wp-block-table is-style-stripes\"><table><tbody><tr><td>Capacidade da ca\u00e7amba<\/td><td>30 L<\/td><\/tr><tr><td>Unidade bomba<\/td><td>N13S<\/td><\/tr><tr><td>Acionamento<\/td><td>Motoredutor 1,5 KW\/2CV<br>Monof\u00e1sico 220V<br>Trif\u00e1sico 220\/380v<\/td><\/tr><tr><td>Capacidade te\u00f3rica<\/td><td>5 a 10 l\/min<\/td><\/tr><tr><td>Press\u00e3o nominal de trabalho<\/td><td>At\u00e9 30 bar<\/td><\/tr><tr><td>Alcance m\u00e1ximo vertical*<\/td><td>30 m<\/td><\/tr><tr><td>Flange de sa\u00edda<\/td><td>\u00d8 1&#8243;<\/td><\/tr><tr><td>Granulometria m\u00e1xima<\/td><td>2 mm<\/td><\/tr><tr><td>Dimens\u00f5es<\/td><td>A=1200 L=600 C=1100<\/td><\/tr><tr><td>Peso<\/td><td>60 kg<\/td><\/tr><tr><td>Compressor incorporado<\/td><td>Opcional 250 l\/min 5.5 bar<\/td><\/tr><\/tbody><\/table><figcaption>* Depende do material<\/figcaption><\/figure>\n\n\n\n<p><\/p>\n<\/div><\/section>\n\n\n\n<hr class=\"wp-block-separator has-text-color has-background has-black-background-color has-black-color is-style-wide\"\/>\n\n\n\n<section class=\"wp-block-uagb-section uagb-section__wrap uagb-section__background-undefined uagb-block-e08d4ddf\"><div class=\"uagb-section__overlay\"><\/div><div class=\"uagb-section__inner-wrap\">\n<h2>Bomba de argamassa Betomaq B12<\/h2>\n\n\n\n<section class=\"wp-block-uagb-columns uagb-columns__wrap uagb-columns__background-undefined uagb-columns__stack-mobile uagb-columns__valign-undefined uagb-columns__gap-10 alignundefined uagb-block-7db4e179\"><div class=\"uagb-columns__overlay\"><\/div><div class=\"uagb-columns__inner-wrap uagb-columns__columns-2\">\n<div class=\"wp-block-uagb-column uagb-column__wrap uagb-column__background-undefined uagb-block-31e744a4\"><div class=\"uagb-column__overlay\"><\/div><div class=\"uagb-column__inner-wrap\">\n<figure class=\"wp-block-image size-large\"><img loading=\"lazy\" width=\"350\" height=\"400\" src=\"https:\/\/bmclocadora.com.br\/bmc\/wp-content\/uploads\/2020\/10\/b10-350x400-1.jpg\" alt=\"Bomba de argamassa B10\" class=\"wp-image-190\" srcset=\"https:\/\/bmclocadora.com.br\/bmc\/wp-content\/uploads\/2020\/10\/b10-350x400-1.jpg 350w, https:\/\/bmclocadora.com.br\/bmc\/wp-content\/uploads\/2020\/10\/b10-350x400-1-263x300.jpg 263w\" sizes=\"(max-width: 350px) 100vw, 350px\" \/><figcaption>Bomba para proje\u00e7\u00e3o, inje\u00e7\u00e3o e pintura<\/figcaption><\/figure>\n<\/div><\/div>\n\n\n\n<div class=\"wp-block-uagb-column uagb-column__wrap uagb-column__background-undefined uagb-block-582552b8\"><div class=\"uagb-column__overlay\"><\/div><div class=\"uagb-column__inner-wrap\">\n<p>   <strong>Bomba de argamassa Betomaq  B12<\/strong> para inje\u00e7\u00e3o, proje\u00e7\u00e3o, pintura e texturiza\u00e7\u00e3o, para argamassas industrializadas a base de cimento, texturas, natas, pinturas a cal e latex (a base de \u00e1gua).<\/p>\n<\/div><\/div>\n<\/div><\/section>\n\n\n\n<figure class=\"wp-block-table is-style-stripes\"><table><tbody><tr><td>Capacidade da ca\u00e7amba<\/td><td>30 L<\/td><\/tr><tr><td>Unidade bomba<\/td><td>1L6<\/td><\/tr><tr><td>Acionamento<\/td><td>Motoredutor 1,5 KW\/2CV<br>Monof\u00e1sico 220V<br>Trif\u00e1sico 220\/380v<\/td><\/tr><tr><td>Capacidade te\u00f3rica<\/td><td>12 l\/min<\/td><\/tr><tr><td>Press\u00e3o nominal de trabalho<\/td><td>At\u00e9 30 bar<\/td><\/tr><tr><td>Alcance m\u00e1ximo vertical*<\/td><td>30 m<\/td><\/tr><tr><td>Flange de sa\u00edda<\/td><td>\u00d8 1 1\/2&#8243;<\/td><\/tr><tr><td>Granulometria m\u00e1xima<\/td><td>6 mm<\/td><\/tr><tr><td>Dimens\u00f5es<\/td><td>A=1200 L=600 C=1100<\/td><\/tr><tr><td>Peso<\/td><td>60 kg<\/td><\/tr><tr><td>Compressor incorporado<\/td><td>N\u00e3o<\/td><\/tr><\/tbody><\/table><figcaption>* Depende do material<\/figcaption><\/figure>\n\n\n\n<p><\/p>\n<\/div><\/section>\n\n\n\n<p><\/p>\n","protected":false},"excerpt":{"rendered":"","protected":false},"author":1,"featured_media":0,"parent":37,"menu_order":0,"comment_status":"closed","ping_status":"closed","template":"","meta":[],"uagb_featured_image_src":{"full":false,"thumbnail":false,"medium":false,"medium_large":false,"large":false,"1536x1536":false,"2048x2048":false},"uagb_author_info":{"display_name":"webdesigner","author_link":"https:\/\/bmclocadora.com.br\/bmc\/author\/webdesigner\/"},"uagb_comment_info":0,"uagb_excerpt":null,"_links":{"self":[{"href":"https:\/\/bmclocadora.com.br\/bmc\/wp-json\/wp\/v2\/pages\/237"}],"collection":[{"href":"https:\/\/bmclocadora.com.br\/bmc\/wp-json\/wp\/v2\/pages"}],"about":[{"href":"https:\/\/bmclocadora.com.br\/bmc\/wp-json\/wp\/v2\/types\/page"}],"author":[{"embeddable":true,"href":"https:\/\/bmclocadora.com.br\/bmc\/wp-json\/wp\/v2\/users\/1"}],"replies":[{"embeddable":true,"href":"https:\/\/bmclocadora.com.br\/bmc\/wp-json\/wp\/v2\/comments?post=237"}],"version-history":[{"count":2,"href":"https:\/\/bmclocadora.com.br\/bmc\/wp-json\/wp\/v2\/pages\/237\/revisions"}],"predecessor-version":[{"id":242,"href":"https:\/\/bmclocadora.com.br\/bmc\/wp-json\/wp\/v2\/pages\/237\/revisions\/242"}],"up":[{"embeddable":true,"href":"https:\/\/bmclocadora.com.br\/bmc\/wp-json\/wp\/v2\/pages\/37"}],"wp:attachment":[{"href":"https:\/\/bmclocadora.com.br\/bmc\/wp-json\/wp\/v2\/media?parent=237"}],"curies":[{"name":"wp","href":"https:\/\/api.w.org\/{rel}","templated":true}]}}