{"id":266,"date":"2020-10-16T10:24:52","date_gmt":"2020-10-16T13:24:52","guid":{"rendered":"https:\/\/bmclocadora.com.br\/bmc\/?page_id=266"},"modified":"2020-10-16T10:24:54","modified_gmt":"2020-10-16T13:24:54","slug":"misturadores-de-argamassa-veticais","status":"publish","type":"page","link":"https:\/\/bmclocadora.com.br\/bmc\/produtos\/misturadores-de-argamassa-veticais\/","title":{"rendered":"Misturadores de argamassa veticais"},"content":{"rendered":"\n<section class=\"wp-block-uagb-section uagb-section__wrap uagb-section__background-undefined uagb-block-336b827d\"><div class=\"uagb-section__overlay\"><\/div><div class=\"uagb-section__inner-wrap\">\n<h2>Misturadores verticais Betomaq linha MV<\/h2>\n\n\n\n<section class=\"wp-block-uagb-columns uagb-columns__wrap uagb-columns__background-undefined uagb-columns__stack-mobile uagb-columns__valign-undefined uagb-columns__gap-10 alignundefined uagb-block-7aba349b\"><div class=\"uagb-columns__overlay\"><\/div><div class=\"uagb-columns__inner-wrap uagb-columns__columns-2\">\n<div class=\"wp-block-uagb-column uagb-column__wrap uagb-column__background-undefined uagb-block-06d0bde7\"><div class=\"uagb-column__overlay\"><\/div><div class=\"uagb-column__inner-wrap\">\n<figure class=\"wp-block-image size-large\"><img loading=\"lazy\" width=\"350\" height=\"400\" src=\"https:\/\/bmclocadora.com.br\/bmc\/wp-content\/uploads\/2020\/10\/mv100-350x400-1.jpg\" alt=\"Misturador para argamassas fluidas\" class=\"wp-image-193\" srcset=\"https:\/\/bmclocadora.com.br\/bmc\/wp-content\/uploads\/2020\/10\/mv100-350x400-1.jpg 350w, https:\/\/bmclocadora.com.br\/bmc\/wp-content\/uploads\/2020\/10\/mv100-350x400-1-263x300.jpg 263w\" sizes=\"(max-width: 350px) 100vw, 350px\" \/><\/figure>\n<\/div><\/div>\n\n\n\n<div class=\"wp-block-uagb-column uagb-column__wrap uagb-column__background-undefined uagb-block-b1c044fd\"><div class=\"uagb-column__overlay\"><\/div><div class=\"uagb-column__inner-wrap\">\n<p>   <strong>Linha de misturadores MV<\/strong> Turbo misturador para misturas homog\u00eaneas de natas de cimento bem como argamassas e solo-cimento flu\u00eddos para inje\u00e7\u00e3o. Tambor com turbo h\u00e9lice misturadora em eixo vertical, acionamento por motor el\u00e9trico.<\/p>\n<\/div><\/div>\n<\/div><\/section>\n\n\n\n<figure class=\"wp-block-table is-style-stripes\"><table><tbody><tr><td>Modelo<\/td><td class=\"has-text-align-center\" data-align=\"center\">MV100<\/td><td class=\"has-text-align-center\" data-align=\"center\">MV200<\/td><td><\/td><td class=\"has-text-align-center\" data-align=\"center\"><\/td><\/tr><tr><td>Material ideal<\/td><td class=\"has-text-align-center\" data-align=\"center\">Fluido<\/td><td class=\"has-text-align-center\" data-align=\"center\">Fluido<\/td><td><\/td><td class=\"has-text-align-center\" data-align=\"center\"><\/td><\/tr><tr><td>Capacidade da ca\u00e7amba<\/td><td class=\"has-text-align-center\" data-align=\"center\">150L<\/td><td class=\"has-text-align-center\" data-align=\"center\">250L<\/td><td><\/td><td class=\"has-text-align-center\" data-align=\"center\"><\/td><\/tr><tr><td>Capacidade \u00fatil<\/td><td class=\"has-text-align-center\" data-align=\"center\">100L<\/td><td class=\"has-text-align-center\" data-align=\"center\">200L<\/td><td><\/td><td class=\"has-text-align-center\" data-align=\"center\"><\/td><\/tr><tr><td>Acionamento trif\u00e1sico<\/td><td class=\"has-text-align-center\" data-align=\"center\">3,7 KW (5CV)<br>220\/380 v<\/td><td class=\"has-text-align-center\" data-align=\"center\">2 motores de<br>3,7 KW (5CV)<br>220\/380 v<\/td><td><\/td><td class=\"has-text-align-center\" data-align=\"center\"><\/td><\/tr><tr><td>Dimens\u00f5es (C x L x H) em mm<\/td><td class=\"has-text-align-center\" data-align=\"center\">800x700x1250<\/td><td class=\"has-text-align-center\" data-align=\"center\">1400x1400x2100<\/td><td><\/td><td class=\"has-text-align-center\" data-align=\"center\"><\/td><\/tr><tr><td>Peso<\/td><td class=\"has-text-align-center\" data-align=\"center\">140 kg<\/td><td class=\"has-text-align-center\" data-align=\"center\">210 kg<\/td><td><\/td><td class=\"has-text-align-center\" data-align=\"center\"><\/td><\/tr><\/tbody><\/table><\/figure>\n<\/div><\/section>\n","protected":false},"excerpt":{"rendered":"","protected":false},"author":1,"featured_media":0,"parent":37,"menu_order":0,"comment_status":"closed","ping_status":"closed","template":"","meta":[],"uagb_featured_image_src":{"full":false,"thumbnail":false,"medium":false,"medium_large":false,"large":false,"1536x1536":false,"2048x2048":false},"uagb_author_info":{"display_name":"webdesigner","author_link":"https:\/\/bmclocadora.com.br\/bmc\/author\/webdesigner\/"},"uagb_comment_info":0,"uagb_excerpt":null,"_links":{"self":[{"href":"https:\/\/bmclocadora.com.br\/bmc\/wp-json\/wp\/v2\/pages\/266"}],"collection":[{"href":"https:\/\/bmclocadora.com.br\/bmc\/wp-json\/wp\/v2\/pages"}],"about":[{"href":"https:\/\/bmclocadora.com.br\/bmc\/wp-json\/wp\/v2\/types\/page"}],"author":[{"embeddable":true,"href":"https:\/\/bmclocadora.com.br\/bmc\/wp-json\/wp\/v2\/users\/1"}],"replies":[{"embeddable":true,"href":"https:\/\/bmclocadora.com.br\/bmc\/wp-json\/wp\/v2\/comments?post=266"}],"version-history":[{"count":2,"href":"https:\/\/bmclocadora.com.br\/bmc\/wp-json\/wp\/v2\/pages\/266\/revisions"}],"predecessor-version":[{"id":273,"href":"https:\/\/bmclocadora.com.br\/bmc\/wp-json\/wp\/v2\/pages\/266\/revisions\/273"}],"up":[{"embeddable":true,"href":"https:\/\/bmclocadora.com.br\/bmc\/wp-json\/wp\/v2\/pages\/37"}],"wp:attachment":[{"href":"https:\/\/bmclocadora.com.br\/bmc\/wp-json\/wp\/v2\/media?parent=266"}],"curies":[{"name":"wp","href":"https:\/\/api.w.org\/{rel}","templated":true}]}}